est common factor of 4166801 and 31313?
181
Calculate the highest common divisor of 2518695 and 8235.
135
Calculate the highest common divisor of 21 and 3308158728.
21
Calculate the greatest common divisor of 294034169 and 7871.
463
Calculate the highest common divisor of 2576938 and 5824.
182
What is the greatest common divisor of 6830427 and 27?
3
Calculate the highest common divisor of 25942 and 5516.
14
Calculate the highest common factor of 242239 and 18315.
37
Calculate the greatest common divisor of 5 and 5417.
1
Calculate the greatest common divisor of 22213 and 1863079.
97
What is the highest common factor of 1220 and 25020?
20
Calculate the greatest common factor of 859335 and 206205.
885
What is the highest common factor of 7452504 and 890?
178
What is the greatest common factor of 73144914 and 561?
51
What is the highest common factor of 143997 and 6797?
7
Calculate the greatest common divisor of 2926731 and 1644.
411
What is the greatest common divisor of 319913 and 9779?
1397
What is the highest common divisor of 91342865 and 81725?
2335
What is the greatest common divisor of 1099 and 3584420?
7
What is the greatest common factor of 18225 and 77707755?
3645
Calculate the greatest common divisor of 5553 and 1161.
9
What is the greatest common divisor of 31400696 and 16?
8
Calculate the greatest common factor of 6 and 116641632.
6
What is the highest common factor of 1558 and 371665?
41
Calculate the highest common factor of 46789881 and 178.
89
Calculate the highest common factor of 11609725 and 50.
25
What is the greatest common divisor of 342649 and 295643?
1237
What is the greatest common divisor of 696980 and 230?
10
Calculate the highest common divisor of 555634 and 1288.
46
What is the highest common factor of 202022 and 13032853?
1217
Calculate the greatest common factor of 4988 and 127339.
29
Calculate the highest common factor of 50112538 and 7.
7
Calculate the highest common divisor of 170 and 506242915.
85
Calculate the highest common factor of 339751803 and 3.
3
What is the greatest common factor of 959905 and 344080?
1955
Calculate the highest common factor of 13 and 1572672517.
13
What is the greatest common divisor of 2920 and 1165960?
40
What is the greatest common factor of 149 and 364857343?
149
Calculate the highest common factor of 91152 and 10898928.
432
What is the greatest common divisor of 63570375 and 60?
15
Calculate the highest common divisor of 59568 and 3417.
51
Calculate the highest common factor of 582 and 76501184.
194
Calculate the greatest common factor of 52986598 and 56.
14
Calculate the greatest common factor of 137945 and 22560.
235
What is the highest common factor of 19306 and 76293?
49
What is the highest common divisor of 4603527 and 135?
27
Calculate the greatest common factor of 9820 and 150224396.
1964
What is the highest common divisor of 231240 and 23709480?
4920
Calculate the highest common factor of 595472 and 120.
8
What is the highest common factor of 5809647 and 32088?
573
What is the highest common divisor of 728 and 5744?
8
What is the highest common factor of 16806426 and 6846?
42
Calculate the highest common divisor of 476957 and 19266.
247
What is the greatest common divisor of 1178 and 2276206?
62
What is the highest common factor of 240583 and 651?
7
What is the greatest common divisor of 3348 and 18213768?
108
What is the greatest common factor of 1305563 and 4212374?
4549
Calculate the highest common factor of 53700 and 257700.
300
Calculate the highest common divisor of 16255 and 566935388.
3251
What is the highest common divisor of 117225 and 173196030?
7815
What is the highest common divisor of 24 and 13020488?
8
What is the highest common divisor of 2398 and 116681448?
218
What is the greatest common divisor of 2474924 and 157276?
164
Calculate the greatest common factor of 34043361 and 99.
33
What is the highest common divisor of 6219655 and 1720615?
6695
What is the highest common divisor of 552 and 272251?
23
Calculate the greatest common factor of 37 and 625173.
1
Calculate the highest common factor of 844 and 3432970.
422
Calculate the highest common divisor of 189838592 and 11568.
3856
What is the highest common divisor of 480 and 4295712?
96
What is the highest common factor of 178819475 and 25?
25
What is the greatest common factor of 1666 and 874718?
34
What is the highest common factor of 3042 and 53703?
117
What is the highest common factor of 1278 and 8184170?
142
Calculate the greatest common factor of 23797 and 1875473.
449
What is the greatest common divisor of 119 and 18286016?
119
Calculate the greatest common factor of 289 and 27007169.
17
Calculate the greatest common factor of 32196 and 83173.
2683
Calculate the greatest common factor of 13814760 and 65.
5
Calculate the greatest common divisor of 15005061 and 594.
27
What is the greatest common factor of 135 and 149939073?
27
Calculate the greatest common divisor of 1505 and 436351573.
301
Calculate the highest common factor of 377310 and 440.
10
Calculate the highest common factor of 58 and 9503416.
58
What is the greatest common factor of 31597 and 1415213?
1663
What is the greatest common factor of 13146 and 147432?
6
What is the highest common divisor of 158060968 and 690?
46
Calculate the greatest common divisor of 35 and 354365.
5
Calculate the highest common factor of 16260 and 220530.
30
What is the greatest common factor of 58182396 and 36?
12
What is the highest common factor of 621064 and 3596?
116
What is the highest common divisor of 159500 and 201410?
110
What is the highest common factor of 1807 and 4944647?
139
What is the highest common factor of 518351 and 2841305?
713
What is the highest common factor of 1624349 and 1?
1
Calculate the greatest common factor of 6514 and 2007008998.
6514
What is the highest common factor of 812532 and 2004?
12
Calculate the greatest common factor of 3280 and 293143440.
3280
Calculate the highest common divisor of 717477 and 62289.
2307
Calculate the greatest common factor of 861577 and 121363.
1003
What is the highest common factor of 840 and 5420?
20
Calculate the greatest common divisor of 15050244 and 726.
66
Calculate the greatest common divisor of 128520 and 127143.
459
Calculate the highest common factor of 922324 and 48.
4
Calculate the highest common factor of 2742208 and 1183.
7
Calculate the greatest common divisor of 97969 and 229429.
313
Calculate the greatest common factor of 187340165 and 45.
5
Calculate the greatest common divisor of 42836562 and 9.
9
Calculate the highest common factor of 792577 and 1891.
31
What is the greatest common divisor of 46052258 and 28?
14
What is the greatest common factor of 68362 and 2405571?
133
What is the highest common factor of 3960 and 208129320?
360
Calculate the greatest common divisor of 2142 and 8834322.
714
Calculate the greatest common factor of 168 and 34886796.
84
Calculate the greatest common divisor of 1010004 and 65535.
51
Calculate the highest common divisor of 221991544 and 2559.
853
What is the highest common divisor of 16 and 54871568?
16
Calculate the greatest common divisor of 153174 and 12887.
49
What is the greatest common divisor of 30558259 and 1526?
109
Calculate the highest common factor of 11606023 and 572.
143
Calculate the greatest common divisor of 310250 and 4760.
170
Calculate the greatest common divisor of 1386777 and 378.
21
What is the highest common factor of 4796 and 32?
4
Calculate the greatest common divisor of 34826 and 286.
22
Calculate the greatest common factor of 3485 and 24278635.
85
What is the highest common divisor of 272 and 27821945?
17
Calculate the highest common divisor of 217939520 and 540.
20
Calculate the highest common factor of 37241 and 4175.
167
What is the greatest common factor of 144 and 2633604?
12
What is the highest common factor of 1071 and 478175439?
357
Calculate the greatest common divisor of 16852 and 8591.
11
Calculate the highest common factor of 21508 and 98116.
76
What is the greatest common factor of 4389 and 8747277?
4389
What is the greatest common divisor of 113032 and 342504?
568
What is the highest common divisor of 305475 and 407625?
75
What is the greatest common factor of 18 and 49513122?
18
Calculate the highes